z(v) = -v + 13. Give z(20).
-7
Let o(l) = -l**3 + 3*l**2 + 6*l + 1. Determine o(4).
9
Let d(b) = -8*b**3 - 2*b**2 - 3*b - 1. Calculate d(-2).
61
Let t(c) = -18*c + 785. Give t(44).
-7
Let k(d) = -14*d + 84. Calculate k(6).
0
Let a(f) = -4*f**2 - f + 2. Determine a(1).
-3
Let i(m) = -m**3 - 6*m**2 + 21*m + 12. What is i(-8)?
-28
Let b(a) = -a**2 + 23*a - 18. What is b(22)?
4
Let l(a) = 5*a**2 + 4*a + 3. What is l(-2)?
15
Let g(m) = -54*m - 9. What is g(-3)?
153
Let l(t) = 2*t + 58. Determine l(-14).
30
Let c(l) = 36*l + 40. Give c(-1).
4
Let i(z) = -z**3 - 5*z - 3. Give i(-3).
39
Let z(c) = -4*c**2 - 172*c + 1. What is z(-43)?
1
Let l(u) = u**3 + 12*u**2 + 31*u. Determine l(-8).
8
Let d(p) = p**3 - 21*p**2 - 22*p + 1. Give d(22).
1
Let u(x) = -10*x - 120. Determine u(-7).
-50
Let c(t) = -t**3 + 10*t**2 + 10*t + 1. Calculate c(11).
-10
Let l(k) = k**2 - 6. Calculate l(4).
10
Let n(f) = 8*f + 21. Calculate n(-6).
-27
Let w(x) = -x - 4. Give w(-6).
2
Let o(a) = -12*a**2 - 6*a + 2. What is o(-2)?
-34
Let i(s) = s**3 - 3*s**2 - 18*s + 4. Give i(-3).
4
Let a(k) = -k**2 + 2*k - 8. What is a(0)?
-8
Let i(m) = -2*m**3 - 15*m**2 + 6*m - 15. Determine i(-8).
1
Let k(i) = i**3 - 10*i**2 - i + 14. Determine k(10).
4
Let i(w) = -13*w - 45. What is i(-5)?
20
Let p(u) = u**3 + 5*u**2 - 25*u - 15. Give p(-8).
-7
Let t(n) = 2*n - 18. Calculate t(10).
2
Let j(g) = -22*g - 45. Give j(-2).
-1
Let d(w) = -w - 11. Give d(0).
-11
Let q(v) = -19*v + 7. Determine q(1).
-12
Let p(s) = 5*s. What is p(-2)?
-10
Let g(m) = m**2 - 3*m - 15. What is g(5)?
-5
Let a(w) = w**2 - w + 1. Calculate a(-4).
21
Let y(b) = b**3 + 14*b**2 + 12*b + 7. Calculate y(-13).
20
Let b(w) = -w**2 + 6*w + 9. Give b(8).
-7
Let x(q) = q**2 + 3*q - 1. Determine x(-4).
3
Let t(l) = 2*l**2 + 3*l - 7. Give t(-5).
28
Let f(d) = 12*d - 79. What is f(8)?
17
Let o(l) = l**3 - 3*l**2 + 3*l - 2. Give o(2).
0
Let b(g) = -g**3 + 15*g**2 + 15*g + 7. What is b(16)?
-9
Let s(l) = -8*l + 23. Give s(7).
-33
Let u(w) = -w**3 + 5*w**2 - 3*w. What is u(4)?
4
Let b(p) = -4*p**2 - 20*p + 6. What is b(-5)?
6
Let n(p) = -2*p**2 + 48*p - 47. What is n(23)?
-1
Let y(u) = -u**2 - 4*u - 5. What is y(-3)?
-2
Let a(t) = -9*t**2 + 3*t - 6. Calculate a(2).
-36
Let s(u) = -13*u**3 - u. Determine s(1).
-14
Let w(h) = -74*h + 215. Calculate w(3).
-7
Let d(h) = -4*h - 129. What is d(-30)?
-9
Let b(q) = q**2 - 18. Give b(-5).
7
Let w(h) = -9*h - 1. Determine w(-1).
8
Let f(t) = t**3 + 4*t**2 - 14*t + 8. Determine f(-6).
20
Let d(b) = b**3 - 4*b**2 + 3*b - 8. Give d(4).
4
Let k(g) = 11*g + 2. Determine k(-1).
-9
Let m(w) = w**3 + 3*w**2 + w + 40. Give m(0).
40
Let g(u) = -3*u**2 - 87*u - 39. What is g(-28)?
45
Let l(s) = -2*s**3 + 9*s**2 + s - 12. Give l(5).
-32
Let a(r) = r. Give a(0).
0
Let f(n) = -18*n + 142. What is f(8)?
-2
Let s(r) = 2*r + 46. What is s(-21)?
4
Let r(i) = -i - 8. What is r(-12)?
4
Let z(y) = y**3 - y**2 + 4*y + 5. Calculate z(-2).
-15
Let i(h) = h**3 + 12*h**2 + 13*h + 5. What is i(-11)?
-17
Let t(s) = -s**3 - 30*s**2 + 59*s - 33. What is t(-32)?
127
Let h(g) = -50*g**2 + 1. Determine h(-1).
-49
Let c(a) = -5*a**2 + 9*a + 1. Give c(3).
-17
Let u(s) = 4*s + 4. Determine u(2).
12
Let s(q) = 9*q + 3. What is s(-1)?
-6
Let d(f) = -f**2 + 3*f + 5. Give d(0).
5
Let z(s) = 2*s**3 + s**2 + s - 2. What is z(-2)?
-16
Let b(p) = -24*p - 56. Give b(-3).
16
Let d(p) = 3*p**2 - 4*p - 1. Determine d(1).
-2
Let x(g) = -2*g**2 + 4*g + 20. Determine x(7).
-50
Let r(g) = g**3 + 3*g**2 - 10*g - 6. What is r(-5)?
-6
Let p(u) = 3*u**2 - 10*u. Give p(4).
8
Let l(j) = -7*j - 3. What is l(-2)?
11
Let v(l) = l**2 + 18*l + 25. What is v(-15)?
-20
Let k(x) = -6*x**3 + 2*x**2 - 8*x - 9. Determine k(-1).
7
Let o(s) = -8*s - 53. Determine o(-7).
3
Let i(l) = -13*l**3 + 3*l**2 + 3*l + 1. Determine i(-1).
14
Let m(h) = 14*h - 116. What is m(8)?
-4
Let z(u) = 10*u - 80. What is z(12)?
40
Let m(k) = k**3 + 6*k**2 + k - 6. Calculate m(-5).
14
Let n(j) = -4*j + 77. Give n(-18).
149
Let n(u) = u**3 - 5*u**2 - 6*u + 5. Determine n(6).
5
Let y(k) = -2*k**2 - 9*k - 6. Determine y(-6).
-24
Let a(b) = -2*b**2 + 29*b - 32. What is a(13)?
7
Let b(y) = y**3 + 12*y**2 - 18*y + 22. Calculate b(-14).
-118
Let u(p) = 2*p**2 - 3*p + 2. Give u(2).
4
Let l(p) = 6*p - 3. What is l(5)?
27
Let k(m) = -m**3 + m**2 + 14*m - 28. Give k(3).
-4
Let t(j) = 2*j - 49. Determine t(13).
-23
Let p(a) = -a**3 - 14*a**2 + 8*a + 3. Give p(-15).
108
Let m(h) = -5*h + 3. Give m(5).
-22
Let r(k) = -8*k + 6. Determine r(13).
-98
Let k(h) = -30*h - 135. Determine k(-6).
45
Let k(t) = 22*t**3 + 2*t**2 - 1. What is k(1)?
23
Let s(l) = -l**2 - 4*l - 5. What is s(-3)?
-2
Let r(c) = 8*c - 13. Calculate r(-9).
-85
Let z(t) = t**3 + 6*t**2 + 7*t + 5. Calculate z(-5).
-5
Let q(y) = 6*y + 19. Calculate q(-3).
1
Let y(j) = -282*j - 288. Determine y(-1).
-6
Let b(x) = x**3 + 10*x**2 - 12*x - 3. Determine b(-11).
8
Let r(m) = -m**2 - 6*m + 37. Determine r(-11).
-18
Let m(o) = -o**3 - 8*o**2 - 4*o + 9. Determine m(-7).
-12
Let b(p) = -p**2 + 7*p + 9. Give b(6).
15
Let l(k) = -k**3 + 6*k**2 - 4*k - 7. Determine l(6).
-31
Let q(j) = j**3 - 7*j**2 + 11*j + 4. Determine q(6).
34
Let j(f) = 21*f**2 + f - 1. Determine j(1).
21
Let z(c) = 8*c - 149. Determine z(18).
-5
Let a(u) = u**3 - 14*u**2 - 15*u - 16. Give a(15).
-16
Let c(r) = r**2 - 16*r - 5. Calculate c(16).
-5
Let o(v) = 5*v**2 + 131*v + 24. Determine o(-26).
-2
Let j(g) = -2*g**2 + 43*g - 25. Calculate j(19).
70
Let t(i) = -6*i + 2. What is t(0)?
2
Let v(l) = 15*l**2 - 2*l + 3. Calculate v(-3).
144
Let v(h) = -h**3 + 7*h**2 + 3*h + 4. Give v(7).
25
Let w(j) = -8*j**2 - 77*j - 77. Give w(-1).
-8
Let m(p) = p**2 - 13*p - 6. Give m(13).
-6
Let o(k) = 7*k**2. What is o(5)?
175
Let d(z) = -2*z**2 - 4*z - 2. What is d(-2)?
-2
Let s(r) = -r**2 + 2*r - 3. Determine s(3).
-6
Let m(w) = 6*w + 1. Determine m(-1).
-5
Let o(f) = -25*f + 28. Determine o(-5).
153
Let k(x) = x + 8. Determine k(0).
8
Let a(v) = v**3 - 8*v**2 - 7*v - 16. What is a(9)?
2
Let q(h) = 56*h - 304. Determine q(6).
32
Let h(w) = 3*w**3 + 3*w**2 - 3*w + 1. Determine h(1).
4
Let c(u) = -u**2 + 19*u + 47. Give c(21).
5
Let u(g) = g**3 - 9*g**2 - 11*g + 10. Determine u(10).
0
Let p(l) = 14*l - 34. Calculate p(8).
78
Let v(k) = -k**3 - 23*k**2 + k + 23. Determine v(-23).
0
Let f(s) = -9*s**3 + s**2 + 4*s + 4. Calculate f(-1).
10
Let o(q) = 2*q + 9. What is o(-6)?
-3
Let v(g) = -2*g**2 + 14*g - 29. Give v(4).
-5
Let d(s) = 20*s**2 - s + 2. Give d(1).
21
Let y(w) = 6*w - 4. Determine y(3).
14
Let p(h) = 10*h + 141. Give p(-9).
51
Let p(b) = b + 3. Give p(-3).
0
Let v(d) = d**3 + 27*d**2 + 55*d + 129. Determine v(-25).
4
Let k(d) = -d**3 - 7*d**2 + 5*d - 21. Determine k(-8).
3
Let i(d) = -22*d**2 - 1. Calculate i(-1).
-23
Let y(s) = -s**3 - 10*s**2 - 8*s + 2. What is y(-9)?
-7
Let c(z) = -z**3 + 22*z**2 - z + 25. Give c(22).
3
Let d(b) = -8*b - 20. Determine d(-3).
4
Let w(b) = -7*b - 6. Give w(-5).
29
Let l(d) = d**3 - 6*d**2 - 3*d - 6. Calculate l(6).
-24
Let g(w) = -19*w. Give g(-1).
19
Let y(b) = 5*b + 6. Give y(-8).
-34
Let w(q) = -5*q - 52. Calculate w(-5).
-27
Let q(w) = -2*w**2 - 8*w - 13. Give q(-1).
-7
Let a(d) = -28*d - 3. Give a(-1).
25
Let a(l) = -l**3 + 3*l**2 + 8*l - 3. Calculate a(5).
-13
Let f(y) = 26*y + 1. Give f(-5).
-129
Let t(z) = -z**3 - 6*z**2 + 4*z - 16. Give t(-7).
5
Let j(i) = -4*i + 11. Give j(5).
-9
Let r(n) = -3*n - 2. Determine r(-10).
28
Let k(u) = 67*u + 15. Give k(-1).
-52
Let o(c) = c - 5. Determine o(9).
4
Let o(d) = -d**2 - 2*d + 11. What is o(0)?
11
Let u(o) = -o**3 + o**2 - o + 17. Determine u(3).
-4
Let y(j) = -j**3 + 3*j**2 - 6*j + 7. Determine y(2).
-1
Let m(t) = 2*t - 13. Determine m(6).
-1
Let k(q) = 53*q + 102. Calculate k(-2).
-4
Let y(o) = -o**3 - 13*o**2 - 2*o - 14. Determine y(-13).
12
Let m(o) = 17*o - 218. Determine m(12).
-14
Let h(j) = -j**2 - 10*j - 28. Calculate h(-6).
-4
Let x(y) = 2*y**2 - 4*y - 1. What is x(2)?
-1
Let l(y) = y**2 + 6*y - 11. Determine l(-10).
29
Let q(w) = w**2 - 4*w - 9. Give q(8).
23
Let v(r) = 2*r**2 + 9*r - 21. Calculate v(-7).
14
Let m(w) = 47*w**3 + w**2 + w - 2. What is m(1)?
47
Let z(p) = 10*p + 61. Give z(-6).
1
Let s(k) = k**2 - 3*k. What is s(4)?
4
Let m(q) = 98*q**3 + 2*q**2 + 4*q + 2. Determine m(-1).
-9